
What is the thousands digit of 24585432?
5
What is the ten thousands digit of 192392203?
9
What is the units digit of 3201887526?
6
What is the hundred thousands digit of 70750727?
7
What is the units digit of 157139017?
7
What is the tens digit of 24982318?
1
What is the billions digit of 4687427994?
4
What is the thousands digit of 2838652104?
2
What is the ten thousands digit of 72966355?
6
What is the ten thousands digit of 75976588?
7
What is the tens digit of 2404600686?
8
What is the millions digit of 152998412?
2
What is the units digit of 206850942?
2
What is the hundred thousands digit of 2554731732?
7
What is the units digit of 795127636?
6
What is the tens digit of 171858756?
5
What is the thousands digit of 77748504?
8
What is the hundred millions digit of 931799805?
9
What is the ten thousands digit of 1748929219?
2
What is the millions digit of 2971827165?
1
What is the tens digit of 15132440?
4
What is the millions digit of 57089009?
7
What is the tens digit of 870157249?
4
What is the billions digit of 1222401177?
1
What is the tens digit of 63311746?
4
What is the millions digit of 174508194?
4
What is the hundred millions digit of 1166926704?
1
What is the thousands digit of 1152055399?
5
What is the hundred millions digit of 3350282623?
3
What is the millions digit of 58452163?
8
What is the ten thousands digit of 676892143?
9
What is the ten thousands digit of 13595348?
9
What is the hundreds digit of 278815536?
5
What is the hundreds digit of 5603462839?
8
What is the ten thousands digit of 746068593?
6
What is the tens digit of 1940296944?
4
What is the hundreds digit of 1129435076?
0
What is the units digit of 1059284?
4
What is the ten thousands digit of 47565306?
6
What is the ten millions digit of 56361541?
5
What is the units digit of 342135376?
6
What is the ten thousands digit of 126985271?
8
What is the hundreds digit of 1783637752?
7
What is the tens digit of 365558831?
3
What is the hundred thousands digit of 94250158?
2
What is the thousands digit of 142419445?
9
What is the ten millions digit of 42393335?
4
What is the tens digit of 384470170?
7
What is the millions digit of 165644255?
5
What is the ten thousands digit of 18595908?
9
What is the hundred millions digit of 548023072?
5
What is the ten millions digit of 31558071?
3
What is the thousands digit of 1652958496?
8
What is the thousands digit of 71416946?
6
What is the thousands digit of 283997568?
7
What is the hundred thousands digit of 467359352?
3
What is the millions digit of 1657601153?
7
What is the hundred millions digit of 526665717?
5
What is the ten millions digit of 4652539853?
5
What is the hundred thousands digit of 5156541784?
5
What is the tens digit of 1460323016?
1
What is the ten millions digit of 85666478?
8
What is the hundreds digit of 130809474?
4
What is the ten thousands digit of 36928620?
2
What is the hundreds digit of 83425432?
4
What is the hundreds digit of 6214110?
1
What is the ten thousands digit of 891217425?
1
What is the millions digit of 107900770?
7
What is the millions digit of 2341604220?
1
What is the billions digit of 1134118091?
1
What is the hundred thousands digit of 1089647946?
6
What is the tens digit of 121975746?
4
What is the hundred thousands digit of 2550909524?
9
What is the hundreds digit of 191217075?
0
What is the tens digit of 6823202?
0
What is the hundreds digit of 63834177?
1
What is the thousands digit of 187618737?
8
What is the millions digit of 42089312?
2
What is the units digit of 1270096654?
4
What is the units digit of 6288823989?
9
What is the hundred thousands digit of 31823045?
8
What is the hundreds digit of 193151085?
0
What is the hundreds digit of 236889322?
3
What is the thousands digit of 667798911?
8
What is the units digit of 624265778?
8
What is the millions digit of 6375064?
6
What is the hundreds digit of 108207855?
8
What is the tens digit of 47737481?
8
What is the thousands digit of 60195259?
5
What is the units digit of 56454126?
6
What is the hundred thousands digit of 130488743?
4
What is the thousands digit of 6904365635?
5
What is the thousands digit of 2187896210?
6
What is the hundred thousands digit of 1092145148?
1
What is the hundred millions digit of 1904556767?
9
What is the hundred thousands digit of 342309018?
3
What is the tens digit of 368335386?
8
What is the ten thousands digit of 201725680?
2
What is the thousands digit of 6409024?
9
What is the ten millions digit of 37177176?
3
What is the millions digit of 3658405110?
8
What is the tens digit of 4341138894?
9
What is the units digit of 6311285?
5
What is the millions digit of 53454121?
3
What is the ten millions digit of 27492322?
2
What is the units digit of 36649556?
6
What is the millions digit of 15047701?
5
What is the tens digit of 801474095?
9
What is the thousands digit of 710937670?
7
What is the thousands digit of 5814023709?
3
What is the hundred thousands digit of 34180596?
1
What is the ten millions digit of 125233952?
2
What is the thousands digit of 6758827?
8
What is the billions digit of 1349769151?
1
What is the tens digit of 3447065045?
4
What is the ten thousands digit of 277080857?
8
What is the thousands digit of 211740589?
0
What is the ten millions digit of 112259496?
1
What is the thousands digit of 60790783?
0
What is the thousands digit of 123615992?
5
What is the ten thousands digit of 2058377675?
7
What is the millions digit of 780147121?
0
What is the ten thousands digit of 174233336?
3
What is the ten thousands digit of 174964508?
6
What is the units digit of 4273279?
9
What is the thousands digit of 18973438?
3
What is the millions digit of 432388101?
2
What is the hundreds digit of 77684555?
5
What is the hundred millions digit of 565283622?
5
What is the hundred thousands digit of 20325190?
3
What is the units digit of 95391682?
2
What is the hundred millions digit of 356729858?
3
What is the hundreds digit of 1291567372?
3
What is the units digit of 1188593132?
2
What is the ten millions digit of 219672886?
1
What is the hundreds digit of 2049591070?
0
What is the ten thousands digit of 132071294?
7
What is the thousands digit of 96370634?
0
What is the hundred thousands digit of 90898314?
8
What is the units digit of 24342789?
9
What is the thousands digit of 131157227?
7
What is the ten thousands digit of 3428818083?
1
What is the hundreds digit of 558368056?
0
What is the ten millions digit of 59520683?
5
What is the units digit of 1501082355?
5
What is the hundred thousands digit of 272345997?
3
What is the millions digit of 242933357?
2
What is the ten millions digit of 107019038?
0
What is the hundred millions digit of 126915983?
1
What is the hundreds digit of 2602344416?
4
What is the billions digit of 2331150265?
2
What is the ten thousands digit of 262733596?
3
What is the tens digit of 1143871847?
4
What is the hundred thousands digit of 16490972?
4
What is the tens digit of 157885586?
8
What is the ten thousands digit of 3402223126?
2
What is the hundred thousands digit of 10398875?
3
What is the thousands digit of 53359698?
9
What is the ten thousands digit of 182529682?
2
What is the units digit of 1221747701?
1
What is the units digit of 25105771?
1
What is the ten thousands digit of 6907372937?
7
What is the tens digit of 3368098?
9
What is the hundred millions digit of 4795956023?
7
What is the hundreds digit of 1246060997?
9
What is the hundreds digit of 44270494?
4
What is the hundreds digit of 98273083?
0
What is the thousands digit of 893110398?
0
What is the units digit of 360797107?
7
What is the hundred thousands digit of 81936604?
9
What is the thousands digit of 26465311?
5
What is the hundred thousands digit of 30441798?
4
What is the hundred thousands digit of 1183038879?
0
What is the millions digit of 434374149?
4
What is the ten millions digit of 106965235?
0
What is the units digit of 125883488?
8
What is the thousands digit of 962195452?
5
What is the thousands digit of 2049680231?
0
What is the units digit of 521925376?
6
What is the ten millions digit of 244743617?
4
What is the hundreds digit of 52379198?
1
What is the ten millions digit of 789866222?
8
What is the thousands digit of 357825633?
5
What is the hundred thous